{"id":124,"date":"2010-03-13T20:06:22","date_gmt":"2010-03-13T23:06:22","guid":{"rendered":"http:\/\/www.coordinacionproductiva.com\/?page_id=124"},"modified":"2024-02-08T16:06:42","modified_gmt":"2024-02-08T19:06:42","slug":"bibliografia","status":"publish","type":"page","link":"https:\/\/www.proyectaryproducir.com.ar\/?page_id=124","title":{"rendered":"Bibliograf\u00eda"},"content":{"rendered":"<p><strong><a href=\"https:\/\/www.proyectaryproducir.com.ar\/wp-content\/uploads\/2024\/02\/ArteInvest04.pdf\" target=\"_blank\" rel=\"noopener\">Reflexiones epistemol\u00f3gicas y perspectivas de renovaci\u00f3n acad\u00e9mica, cient\u00edfica y cultural para el Dise\u00f1o Industrial <\/a><\/strong><\/p>\n<p><strong>Publicaci\u00f3n:<\/strong> 2005<\/p>\n<p><strong>Editorial:<\/strong> UNLP \u2013 FBA- Revista Arte&#038;Investigaci\u00f3n N\u00b0 4<\/p>\n<p><strong>Autores:<\/strong> D.I. Mar\u00eda del Rosario Bernatene<\/p>\n<hr \/>\n<p><strong><a href=\"https:\/\/www.proyectaryproducir.com.ar\/wp-content\/uploads\/2024\/02\/Articulo-Arte-e-Investigacion-3.pdf\" target=\"_blank\" rel=\"noopener\">LA INSOPORTABLE DENSIDAD DE LAS COSAS<\/a><\/strong><br \/>\n<em>Artefactos y paisaje dom\u00e9stico en la Argentina del siglo XX<\/em><\/p>\n<p><strong>Publicaci\u00f3n:<\/strong> 2000<\/p>\n<p><strong>Editorial:<\/strong> UNLP \u2013 FBA- Revista Arte&#038;Investigaci\u00f3n N\u00b0 3 <\/p>\n<p><strong>Autores:<\/strong> Bernatene, M., Gandolfi, F., Ungaro P., Garbarini, R.<\/p>\n<hr \/>\n<p><strong><a href=\"https:\/\/www.proyectaryproducir.com.ar\/wp-content\/uploads\/2022\/11\/Hammer-PivoLa-triple-Linea-de-Base-y-el-desarrollo-economico-sustentable.pdf\" target=\"_blank\" rel=\"noopener\">La triple L\u00ednea de Base (TBL) y el desarrollo econ\u00f3mico sustentable, teor\u00eda y pr\u00e1ctica<\/a><\/strong><\/p>\n<p><strong>Autor:<\/strong> Hammer, J., &amp; Pivo, G. (2017)<\/p>\n<p><strong>Traduci\u00f3n:<\/strong> Ing. Guillermo Canale<\/p>\n<hr \/>\n<p><strong><a href=\"https:\/\/www.proyectaryproducir.com.ar\/wp-content\/uploads\/2022\/11\/Jabareen-Y.-Un-nuevo-marco-conceptual-para-el-desarrollo-Sustentable.pdf\" target=\"_blank\" rel=\"noopener\">Un nuevo marco conceptual para el desarrollo Sustentable<\/a><\/strong><\/p>\n<p><strong>Autor:<\/strong> Jabareen, Y. (2008)<\/p>\n<p><strong>Traduci\u00f3n:<\/strong> Ing. Guillermo Canale<\/p>\n<hr \/>\n<p><strong><a href=\"https:\/\/www.proyectaryproducir.com.ar\/wp-content\/uploads\/2022\/11\/PennFieldsUn-nuevo-marco-para-la-ensenanza-de-la-Triple-Linea-de-Base-Completo2017.pdf\" target=\"_blank\" rel=\"noopener\">Un nuevo marco conceptual para el desarrollo Sustentable<\/a><\/strong><\/p>\n<p><strong>Autores:<\/strong> Penn, M. R. &amp; Fields, K. M. (2017, June)<\/p>\n<p><strong>Traduci\u00f3n:<\/strong> Ing. Guillermo Canale<\/p>\n<hr \/>\n<p><strong><a href=\"https:\/\/www.proyectaryproducir.com.ar\/wp-content\/uploads\/2022\/11\/Terry-Irwin-Traduccion-Diseno-para-la-transicion-un-marco-educativo.pdf\" target=\"_blank\" rel=\"noopener\">Terry Irwin \u2013 Traducci\u00f3n Dise\u00f1o para la transici\u00f3n &#8211; un marco Educativo<\/a><\/strong><\/p>\n<p><strong>Autores:<\/strong> Irwin, T. , Tonkinwise, C. , &amp; Kossoff, G.  (2020) Educational Framework for Advancing the Study and Design of Sustainable Transitions<\/p>\n<p><strong>Traduci\u00f3n:<\/strong> Ing. Guillermo Canale<\/p>\n<hr \/>\n<p><strong><a href=\"https:\/\/www.proyectaryproducir.com.ar\/wp-content\/uploads\/2022\/11\/Terry-Irwin-Transition_Design_An_Educational_Framework.pdf\" target=\"_blank\" rel=\"noopener\">Terry Irwin \u2013 Transition Design An Educational Framework<\/a><\/strong><\/p>\n<p><strong>Autores:<\/strong> Terry Irwin, Cameron Tonkinwise y Gideon Kossoff<\/p>\n<p><strong>Publicaci\u00f3n:<\/strong> Marzo 2020<\/p>\n<hr \/>\n<p><strong><a href=\"https:\/\/www.proyectaryproducir.com.ar\/wp-content\/uploads\/2021\/11\/Una-estrategia-de-largo-plazo-para-una-Economia-Circular-Europea-2018.pdf\" target=\"_blank\" rel=\"noopener\">Una estrategia de largo plazo para una Econom\u00eda Circular Europea (2018)<\/a><\/strong><\/p>\n<p><strong>Autor:<\/strong> Pardo,R., Schweitzer, J.P (2018)<\/p>\n<p><strong>Traduci\u00f3n:<\/strong> Ing. Guillermo Canale<\/p>\n<hr \/>\n<p><strong><a href=\"https:\/\/www.proyectaryproducir.com.ar\/wp-content\/uploads\/2021\/11\/UN-FUNDAMENTO-TEORICO-PARA-EL-DESARROLLO-DE-UN-METODO-PRESCRIPTIVO-PARA-EL-CODISENO-DE-CADENAS-DE-VALOR-DE-LA-ECONOMIA-CIRCULAR.pdf\" target=\"_blank\" rel=\"noopener\">Un Fundamento Te\u00f3rico para el Desarrollo de un M\u00e9todo prescriptivo para el Co dise\u00f1o de Cadenas de Valor de la Econom\u00eda Circular<\/a><\/strong><\/p>\n<p><strong>Autor:<\/strong> Blomsma, Fenna; Pigosso, Daniela C.; McAloone, Tim C. &#8211; Universidad T\u00e9cnica de Dinamarca<\/p>\n<p><strong>Traduci\u00f3n:<\/strong> Ing. Guillermo Canale<\/p>\n<hr \/>\n<p><strong><a href=\"https:\/\/www.proyectaryproducir.com.ar\/wp-content\/uploads\/2021\/11\/Modelos-de-negocio-y-cadenas-de-suministro-para-la-Economia-Circular.pdf\" target=\"_blank\" rel=\"noopener\">Modelos de negocio y cadenas de suministro para la Econom\u00eda Circular<\/a><\/strong><\/p>\n<p><strong>Autor:<\/strong> Martin Geissdoerfer, Sandra Naomi Morioka, Marly Monteiro de Carvalho, Steve Evans (2018). Journal of cleaner production, 190, 712-721. Elsevier<\/p>\n<p><strong>Traduci\u00f3n:<\/strong> Ing. Guillermo Canale<\/p>\n<hr \/>\n<p><strong><a href=\"https:\/\/www.proyectaryproducir.com.ar\/wp-content\/uploads\/2021\/11\/Economia-circular-y-relaciones-de-poder-en-las-cadenas-de-valor-mundiales-2018.pdf\" target=\"_blank\" rel=\"noopener\">Econom\u00eda circular y relaciones de poder en las cadenas de valor mundiales<\/a><\/strong><\/p>\n<p><strong>Autor:<\/strong> Patrick Schroeder, Paul Dewick, Simonov Kusi-Sarpong, Joerg S. Hofstetter, Volume 136, 2018, Pages 77-78<\/p>\n<p><strong>Traduci\u00f3n:<\/strong> Ing. Guillermo Canale<\/p>\n<hr \/>\n<p><strong><a href=\"https:\/\/www.proyectaryproducir.com.ar\/wp-content\/uploads\/2021\/11\/Capitalismo-Anti-Futuro-Alice-Mah-2021.pdf\" target=\"_blank\" rel=\"noopener\">Blindando al capitalismo ante el Futuro: La paradoja de la Econom\u00eda circular para los Pl\u00e1sticos (Mah, 2021)<br \/>\n<\/a><\/strong><\/p>\n<p><strong>Autor:<\/strong> Alice Mah, Global Environmental Politics 21:2, May 2021, \u00a9 2021 by the Massachusetts Institute of Technology<\/p>\n<p><strong>Traduci\u00f3n:<\/strong> Ing. Guillermo Canale<\/p>\n<hr \/>\n<p><strong><a href=\"https:\/\/www.proyectaryproducir.com.ar\/wp-content\/uploads\/2021\/06\/Gereffi-Manual-de-CGV-Segunda-Ed.pdf\" target=\"_blank\" rel=\"noopener\">Global value chain analysis: a primer. In Handbook on Global Value Chains. Edward Elgar Publishing<\/a><\/strong><\/p>\n<p><strong>Autor:<\/strong> Fernandez-Stark, K., &amp; Gereffi, G. (2019)<\/p>\n<p><strong>Traduci\u00f3n:<\/strong> Ing. Guillermo Canale<\/p>\n<hr \/>\n<p><strong><a href=\"https:\/\/www.proyectaryproducir.com.ar\/wp-content\/uploads\/2021\/05\/Traduccion-PillotonV5.pdf\" target=\"_blank\" rel=\"noopener\">Revoluci\u00f3n del Dise\u00f1o &#8211; 100 Productos que est\u00e1n Cambiando la vida de la gente<\/a><\/strong><\/p>\n<p><strong>Autor:<\/strong> Emily Pilloton (2009)<br \/>\n<strong>Traduci\u00f3n:<\/strong> Ing. Guillermo Canale<\/p>\n<hr \/>\n<p><strong><a href=\"https:\/\/www.proyectaryproducir.com.ar\/wp-content\/uploads\/2010\/04\/Canale-Sustentabilidad-Econom\u00eda-y-Dise\u00f1o-7-10-2009.pdf\" target=\"_blank\" rel=\"noopener\">S.O.S. Dise\u00f1o Sustentable -Sustentabilidad, Econom\u00eda y Dise\u00f1o<\/a><\/strong><\/p>\n<p><strong>Foro de \u00c9tica y Sustentabilidad- Dise\u00f1o Sustentable -Buenos Aires &#8211; 7\/10\/2009<\/strong><\/p>\n<p>Presentado por: Ing. Guillermo Canale<\/p>\n<hr \/>\n<p><strong><a href=\"https:\/\/www.proyectaryproducir.com.ar\/wp-content\/uploads\/2010\/04\/Kaplinsky-Manual-completo-Rev-4-2010doc.pdf\" target=\"_blank\" rel=\"noopener\">Un Manual para Investigaci\u00f3n de Cadenas de Valor<\/a><\/strong><\/p>\n<p><strong>Preparado para el IDRC<\/strong><\/p>\n<p>Autores: Rafael Kaplinsky y Mike Morris<br \/>\nTraducci\u00f3n: Ing. Guillermo Canale y D. I. Julieta Cal\u00f3<\/p>","protected":false},"excerpt":{"rendered":"<p>Reflexiones epistemol\u00f3gicas y perspectivas de renovaci\u00f3n acad\u00e9mica, cient\u00edfica y cultural para el Dise\u00f1o Industrial Publicaci\u00f3n: 2005 Editorial: UNLP \u2013 FBA- Revista Arte&#038;Investigaci\u00f3n N\u00b0 4 Autores: D.I. Mar\u00eda del Rosario Bernatene LA INSOPORTABLE DENSIDAD DE LAS COSAS Artefactos y paisaje dom\u00e9stico en la Argentina del siglo XX Publicaci\u00f3n: 2000 Editorial: UNLP \u2013 FBA- Revista Arte&#038;Investigaci\u00f3n N\u00b0 [&hellip;]<\/p>","protected":false},"author":3,"featured_media":0,"parent":0,"menu_order":0,"comment_status":"open","ping_status":"open","template":"","meta":{"footnotes":""},"class_list":["post-124","page","type-page","status-publish","hentry"],"_links":{"self":[{"href":"https:\/\/www.proyectaryproducir.com.ar\/index.php?rest_route=\/wp\/v2\/pages\/124","targetHints":{"allow":["GET"]}}],"collection":[{"href":"https:\/\/www.proyectaryproducir.com.ar\/index.php?rest_route=\/wp\/v2\/pages"}],"about":[{"href":"https:\/\/www.proyectaryproducir.com.ar\/index.php?rest_route=\/wp\/v2\/types\/page"}],"author":[{"embeddable":true,"href":"https:\/\/www.proyectaryproducir.com.ar\/index.php?rest_route=\/wp\/v2\/users\/3"}],"replies":[{"embeddable":true,"href":"https:\/\/www.proyectaryproducir.com.ar\/index.php?rest_route=%2Fwp%2Fv2%2Fcomments&post=124"}],"version-history":[{"count":26,"href":"https:\/\/www.proyectaryproducir.com.ar\/index.php?rest_route=\/wp\/v2\/pages\/124\/revisions"}],"predecessor-version":[{"id":950,"href":"https:\/\/www.proyectaryproducir.com.ar\/index.php?rest_route=\/wp\/v2\/pages\/124\/revisions\/950"}],"wp:attachment":[{"href":"https:\/\/www.proyectaryproducir.com.ar\/index.php?rest_route=%2Fwp%2Fv2%2Fmedia&parent=124"}],"curies":[{"name":"wp","href":"https:\/\/api.w.org\/{rel}","templated":true}]}}

Bibliografía

<p><strong><a href="https://www.proyectaryproducir.com.ar/wp-content/uploads/2024/02/ArteInvest04.pdf" target="_blank" rel="noopener">Reflexiones epistemológicas y perspectivas de renovación académica, científica y cultural para el Diseño Industrial </a></strong></p>
<p><strong>Publicación:</strong> 2005</p>
<p><strong>Editorial:</strong> UNLP – FBA- Revista Arte&#038;Investigación N° 4</p>
<p><strong>Autores:</strong> D.I. María del Rosario Bernatene</p>
<hr />
<p><strong><a href="https://www.proyectaryproducir.com.ar/wp-content/uploads/2024/02/Articulo-Arte-e-Investigacion-3.pdf" target="_blank" rel="noopener">LA INSOPORTABLE DENSIDAD DE LAS COSAS</a></strong><br />
<em>Artefactos y paisaje doméstico en la Argentina del siglo XX</em></p>
<p><strong>Publicación:</strong> 2000</p>
<p><strong>Editorial:</strong> UNLP – FBA- Revista Arte&#038;Investigación N° 3 </p>
<p><strong>Autores:</strong> Bernatene, M., Gandolfi, F., Ungaro P., Garbarini, R.</p>
<hr />
<p><strong><a href="https://www.proyectaryproducir.com.ar/wp-content/uploads/2022/11/Hammer-PivoLa-triple-Linea-de-Base-y-el-desarrollo-economico-sustentable.pdf" target="_blank" rel="noopener">La triple Línea de Base (TBL) y el desarrollo económico sustentable, teoría y práctica</a></strong></p>
<p><strong>Autor:</strong> Hammer, J., &amp; Pivo, G. (2017)</p>
<p><strong>Tradución:</strong> Ing. Guillermo Canale</p>
<hr />
<p><strong><a href="https://www.proyectaryproducir.com.ar/wp-content/uploads/2022/11/Jabareen-Y.-Un-nuevo-marco-conceptual-para-el-desarrollo-Sustentable.pdf" target="_blank" rel="noopener">Un nuevo marco conceptual para el desarrollo Sustentable</a></strong></p>
<p><strong>Autor:</strong> Jabareen, Y. (2008)</p>
<p><strong>Tradución:</strong> Ing. Guillermo Canale</p>
<hr />
<p><strong><a href="https://www.proyectaryproducir.com.ar/wp-content/uploads/2022/11/PennFieldsUn-nuevo-marco-para-la-ensenanza-de-la-Triple-Linea-de-Base-Completo2017.pdf" target="_blank" rel="noopener">Un nuevo marco conceptual para el desarrollo Sustentable</a></strong></p>
<p><strong>Autores:</strong> Penn, M. R. &amp; Fields, K. M. (2017, June)</p>
<p><strong>Tradución:</strong> Ing. Guillermo Canale</p>
<hr />
<p><strong><a href="https://www.proyectaryproducir.com.ar/wp-content/uploads/2022/11/Terry-Irwin-Traduccion-Diseno-para-la-transicion-un-marco-educativo.pdf" target="_blank" rel="noopener">Terry Irwin – Traducción Diseño para la transición &#8211; un marco Educativo</a></strong></p>
<p><strong>Autores:</strong> Irwin, T. , Tonkinwise, C. , &amp; Kossoff, G.  (2020) Educational Framework for Advancing the Study and Design of Sustainable Transitions</p>
<p><strong>Tradución:</strong> Ing. Guillermo Canale</p>
<hr />
<p><strong><a href="https://www.proyectaryproducir.com.ar/wp-content/uploads/2022/11/Terry-Irwin-Transition_Design_An_Educational_Framework.pdf" target="_blank" rel="noopener">Terry Irwin – Transition Design An Educational Framework</a></strong></p>
<p><strong>Autores:</strong> Terry Irwin, Cameron Tonkinwise y Gideon Kossoff</p>
<p><strong>Publicación:</strong> Marzo 2020</p>
<hr />
<p><strong><a href="https://www.proyectaryproducir.com.ar/wp-content/uploads/2021/11/Una-estrategia-de-largo-plazo-para-una-Economia-Circular-Europea-2018.pdf" target="_blank" rel="noopener">Una estrategia de largo plazo para una Economía Circular Europea (2018)</a></strong></p>
<p><strong>Autor:</strong> Pardo,R., Schweitzer, J.P (2018)</p>
<p><strong>Tradución:</strong> Ing. Guillermo Canale</p>
<hr />
<p><strong><a href="https://www.proyectaryproducir.com.ar/wp-content/uploads/2021/11/UN-FUNDAMENTO-TEORICO-PARA-EL-DESARROLLO-DE-UN-METODO-PRESCRIPTIVO-PARA-EL-CODISENO-DE-CADENAS-DE-VALOR-DE-LA-ECONOMIA-CIRCULAR.pdf" target="_blank" rel="noopener">Un Fundamento Teórico para el Desarrollo de un Método prescriptivo para el Co diseño de Cadenas de Valor de la Economía Circular</a></strong></p>
<p><strong>Autor:</strong> Blomsma, Fenna; Pigosso, Daniela C.; McAloone, Tim C. &#8211; Universidad Técnica de Dinamarca</p>
<p><strong>Tradución:</strong> Ing. Guillermo Canale</p>
<hr />
<p><strong><a href="https://www.proyectaryproducir.com.ar/wp-content/uploads/2021/11/Modelos-de-negocio-y-cadenas-de-suministro-para-la-Economia-Circular.pdf" target="_blank" rel="noopener">Modelos de negocio y cadenas de suministro para la Economía Circular</a></strong></p>
<p><strong>Autor:</strong> Martin Geissdoerfer, Sandra Naomi Morioka, Marly Monteiro de Carvalho, Steve Evans (2018). Journal of cleaner production, 190, 712-721. Elsevier</p>
<p><strong>Tradución:</strong> Ing. Guillermo Canale</p>
<hr />
<p><strong><a href="https://www.proyectaryproducir.com.ar/wp-content/uploads/2021/11/Economia-circular-y-relaciones-de-poder-en-las-cadenas-de-valor-mundiales-2018.pdf" target="_blank" rel="noopener">Economía circular y relaciones de poder en las cadenas de valor mundiales</a></strong></p>
<p><strong>Autor:</strong> Patrick Schroeder, Paul Dewick, Simonov Kusi-Sarpong, Joerg S. Hofstetter, Volume 136, 2018, Pages 77-78</p>
<p><strong>Tradución:</strong> Ing. Guillermo Canale</p>
<hr />
<p><strong><a href="https://www.proyectaryproducir.com.ar/wp-content/uploads/2021/11/Capitalismo-Anti-Futuro-Alice-Mah-2021.pdf" target="_blank" rel="noopener">Blindando al capitalismo ante el Futuro: La paradoja de la Economía circular para los Plásticos (Mah, 2021)<br />
</a></strong></p>
<p><strong>Autor:</strong> Alice Mah, Global Environmental Politics 21:2, May 2021, © 2021 by the Massachusetts Institute of Technology</p>
<p><strong>Tradución:</strong> Ing. Guillermo Canale</p>
<hr />
<p><strong><a href="https://www.proyectaryproducir.com.ar/wp-content/uploads/2021/06/Gereffi-Manual-de-CGV-Segunda-Ed.pdf" target="_blank" rel="noopener">Global value chain analysis: a primer. In Handbook on Global Value Chains. Edward Elgar Publishing</a></strong></p>
<p><strong>Autor:</strong> Fernandez-Stark, K., &amp; Gereffi, G. (2019)</p>
<p><strong>Tradución:</strong> Ing. Guillermo Canale</p>
<hr />
<p><strong><a href="https://www.proyectaryproducir.com.ar/wp-content/uploads/2021/05/Traduccion-PillotonV5.pdf" target="_blank" rel="noopener">Revolución del Diseño &#8211; 100 Productos que están Cambiando la vida de la gente</a></strong></p>
<p><strong>Autor:</strong> Emily Pilloton (2009)<br />
<strong>Tradución:</strong> Ing. Guillermo Canale</p>
<hr />
<p><strong><a href="https://www.proyectaryproducir.com.ar/wp-content/uploads/2010/04/Canale-Sustentabilidad-Economía-y-Diseño-7-10-2009.pdf" target="_blank" rel="noopener">S.O.S. Diseño Sustentable -Sustentabilidad, Economía y Diseño</a></strong></p>
<p><strong>Foro de Ética y Sustentabilidad- Diseño Sustentable -Buenos Aires &#8211; 7/10/2009</strong></p>
<p>Presentado por: Ing. Guillermo Canale</p>
<hr />
<p><strong><a href="https://www.proyectaryproducir.com.ar/wp-content/uploads/2010/04/Kaplinsky-Manual-completo-Rev-4-2010doc.pdf" target="_blank" rel="noopener">Un Manual para Investigación de Cadenas de Valor</a></strong></p>
<p><strong>Preparado para el IDRC</strong></p>
<p>Autores: Rafael Kaplinsky y Mike Morris<br />
Traducción: Ing. Guillermo Canale y D. I. Julieta Caló</p>

<p>Reflexiones epistemológicas y perspectivas de renovación académica, científica y cultural para el Diseño Industrial Publicación: 2005 Editorial: UNLP – FBA- Revista Arte&#038;Investigación N° 4 Autores: D.I. María del Rosario Bernatene LA INSOPORTABLE DENSIDAD DE LAS COSAS Artefactos y paisaje doméstico en la Argentina del siglo XX Publicación: 2000 Editorial: UNLP – FBA- Revista Arte&#038;Investigación N° [&hellip;]</p>
